{"id":21,"date":"2019-12-13T12:38:34","date_gmt":"2019-12-13T12:38:34","guid":{"rendered":"http:\/\/ruds22.info\/?page_id=21"},"modified":"2020-08-04T17:19:30","modified_gmt":"2020-08-04T17:19:30","slug":"unterstuetzung","status":"publish","type":"page","link":"https:\/\/ruds22.info\/?page_id=21","title":{"rendered":"Spendenziel"},"content":{"rendered":"\n<h3 class=\"has-text-align-center wp-block-heading\"><img loading=\"lazy\" decoding=\"async\" width=\"589\" height=\"588\" class=\"wp-image-219\" style=\"width: 600px;\" src=\"http:\/\/ruds22.info\/wp-content\/uploads\/2020\/07\/Kraft.jpg\" alt=\"SPORT HAT DIE KRAFT DAS LEBEN ZU VER\u00c4NDERN\" srcset=\"https:\/\/ruds22.info\/wp-content\/uploads\/2020\/07\/Kraft.jpg 589w, https:\/\/ruds22.info\/wp-content\/uploads\/2020\/07\/Kraft-300x300.jpg 300w, https:\/\/ruds22.info\/wp-content\/uploads\/2020\/07\/Kraft-150x150.jpg 150w\" sizes=\"(max-width: 589px) 100vw, 589px\" \/><\/h3>\n\n\n\n<p>W\u00e4hrend eines meiner Trainings fiel mir ein, ich k\u00f6nnte mit jedem Schritt Geld f\u00fcr einen sinnvollen Zweck sammeln.<\/p>\n\n\n\n<p>Deine Spende geht an die Laureus Stiftung, welche Kindern und Jugendliche durch Sport im Leben weiterbringt.<br>Hilf mit, meine Vision zu verwirklichen!<\/p>\n\n\n\n<h3 class=\"wp-block-heading\"><strong>Ziel jeder Schritt ein CHF!<\/strong><\/h3>\n\n\n\n<p>Wir halten Dich auf dem laufenden!<\/p>\n\n\n\n<p><\/p>\n\n\n\n<div class=\"wp-block-columns is-layout-flex wp-container-core-columns-layout-1 wp-block-columns-is-layout-flex\">\n<div class=\"wp-block-column is-layout-flow wp-block-column-is-layout-flow\" style=\"flex-basis:66.66%\">\n<p><strong>\u00dcber Laureus<\/strong><\/p>\n<p><strong>Sport hat die Kraft, das Leben der n\u00e4chsten Generation zu ver\u00e4ndern.\u00a0<\/strong>Das Ziel der Laureus Stiftung Schweiz ist es, mit Hilfe des Sports Kindern und Jugendlichen ein positives und selbstbestimmtes Leben zu erm\u00f6glichen.<\/p>\n<p>\u00dcber den Sport und den damit verbundenen Werten f\u00f6rdert Laureus gezielt die Integration und Perso\u0308nlichkeitsbildung von Kindern und Jugendlichen und deren physische und psychische Gesundheit. Dabei steht nicht die Leistung im Zentrum, sondern die Freude am Sport und das gemeinsame Erlebnis. Die Stiftung f\u00f6rdert junge Menschen, die Unterst\u00fctzung brauchen &#8211; unabh\u00e4ngig von Geschlecht, Herkunft, Religion, sozialer Schicht oder gesundheitlichen Einschr\u00e4nkungen.<\/p>\n<p>Laureus f\u00f6rdert in sozialen Sportprojekten j\u00e4hrlich mehr als 10\u2018000 Kinder in der Schweiz. Das Engagement von \u00fcber 20 Botschaftern wie Mujinga Kambundji und Christian Stucki, beide Sportler des Jahres 2019, dient den Kindern und Jugendlichen als grosse Motivationsspritze. Die Laureus Foundation Switzerland wurde 2006 von IWC Schaffhausen als Teil der internationalen Stiftung Laureus Sport for Good gegru\u0308ndet.<\/p>\n<h3 style=\"text-align: center;\">Hier geht es direkt zur Projektbezogenen Spendenbox<br \/><a href=\"https:\/\/bit.ly\/33rbCEM\" target=\"_blank\" rel=\"noopener noreferrer\"><strong>https:\/\/bit.ly\/33rbCEM<\/strong><\/a><\/h3>\n<p style=\"text-align: center;\">Laureus Stiftung Schweiz<br \/>B\u00f6sch 47<br \/>6331 H\u00fcnenberg<br \/><a href=\"mailto:info@laureus.ch\">info@laureus.ch<\/a><\/p>\n<!-- <h3 style=\"text-align: center;\"><strong>Wichtig, den Vermerk RUDS 22 angeben, damit wir den \u00dcberblick \u00fcber der Stand der Spende im Laufe der 2 Monate haben.<\/strong><\/h3>\n<p style=\"text-align: center;\"><strong>Spendenkonto PC 61-566564-6<br>BIC: POFICHBEXXX<br>IBAN: CH70 0900 0000 6156 6564 6 &nbsp;<\/strong><\/p>\n<h4 style=\"text-align: center;\"><span style=\"color: #ff0000;\"><strong>Wichtig Vermerk RUDS22<\/strong><\/span><\/h4> -->\n<p><a href=\"http:\/\/www.laureus.ch\/\" target=\"_blank\" rel=\"noopener noreferrer\" data-saferedirecturl=\"https:\/\/www.google.com\/url?q=http:\/\/www.laureus.ch&amp;source=gmail&amp;ust=1596195771833000&amp;usg=AFQjCNHyFGetsJJqmUpF8pI5xB0UHH1f5A\">www.laureus.ch<\/a>\u00a0\/\/\u00a0<a href=\"https:\/\/www.facebook.com\/LaureusSwitzerland\/\" target=\"_blank\" rel=\"noopener noreferrer\" data-saferedirecturl=\"https:\/\/www.google.com\/url?q=https:\/\/www.facebook.com\/LaureusSwitzerland\/&amp;source=gmail&amp;ust=1596195771833000&amp;usg=AFQjCNHpsSpblODi9R8nluGhHowD_-3jUQ\">Facebook<\/a>\u00a0\/\/\u00a0<a href=\"https:\/\/www.instagram.com\/laureus_switzerland\/?hl=de\" target=\"_blank\" rel=\"noopener noreferrer\" data-saferedirecturl=\"https:\/\/www.google.com\/url?q=https:\/\/www.instagram.com\/laureus_switzerland\/?hl%3Dde&amp;source=gmail&amp;ust=1596195771833000&amp;usg=AFQjCNE-B-gjcPsfzy7nr5Ljm8_8XOZELg\">Instagram<\/a>\u00a0\/\/\u00a0<a href=\"https:\/\/www.youtube.com\/channel\/UCQAY2HiJ25xwRsPJNPMZhTQ\" target=\"_blank\" rel=\"noopener noreferrer\" data-saferedirecturl=\"https:\/\/www.google.com\/url?q=https:\/\/www.youtube.com\/channel\/UCQAY2HiJ25xwRsPJNPMZhTQ&amp;source=gmail&amp;ust=1596195771833000&amp;usg=AFQjCNFIjP1F6ICwKEnJkWwlWWEF1pogcw\">YouTube<\/a><\/p>\n<\/div>\n\n\n\n<div class=\"wp-block-column is-layout-flow wp-block-column-is-layout-flow\" style=\"flex-basis:33.33%\">\n<figure class=\"wp-block-image size-large\"><img loading=\"lazy\" decoding=\"async\" width=\"156\" height=\"150\" src=\"http:\/\/ruds22.info\/wp-content\/uploads\/2020\/07\/laureus-logo-w_oldretina.png\" alt=\"\" class=\"wp-image-194\"\/><\/figure>\n<\/div>\n<\/div>\n","protected":false},"excerpt":{"rendered":"<p>W\u00e4hrend eines meiner Trainings fiel mir ein, ich k\u00f6nnte mit jedem Schritt Geld f\u00fcr einen sinnvollen Zweck sammeln. Deine Spende&hellip;<\/p>\n","protected":false},"author":1,"featured_media":0,"parent":0,"menu_order":0,"comment_status":"closed","ping_status":"closed","template":"","meta":{"footnotes":""},"_links":{"self":[{"href":"https:\/\/ruds22.info\/index.php?rest_route=\/wp\/v2\/pages\/21"}],"collection":[{"href":"https:\/\/ruds22.info\/index.php?rest_route=\/wp\/v2\/pages"}],"about":[{"href":"https:\/\/ruds22.info\/index.php?rest_route=\/wp\/v2\/types\/page"}],"author":[{"embeddable":true,"href":"https:\/\/ruds22.info\/index.php?rest_route=\/wp\/v2\/users\/1"}],"replies":[{"embeddable":true,"href":"https:\/\/ruds22.info\/index.php?rest_route=%2Fwp%2Fv2%2Fcomments&post=21"}],"version-history":[{"count":15,"href":"https:\/\/ruds22.info\/index.php?rest_route=\/wp\/v2\/pages\/21\/revisions"}],"predecessor-version":[{"id":306,"href":"https:\/\/ruds22.info\/index.php?rest_route=\/wp\/v2\/pages\/21\/revisions\/306"}],"wp:attachment":[{"href":"https:\/\/ruds22.info\/index.php?rest_route=%2Fwp%2Fv2%2Fmedia&parent=21"}],"curies":[{"name":"wp","href":"https:\/\/api.w.org\/{rel}","templated":true}]}}